
{"id":276,"date":"2021-06-24T12:48:11","date_gmt":"2021-06-24T12:48:11","guid":{"rendered":"https:\/\/www.black-sheriff.eu\/zsd\/?page_id=276"},"modified":"2021-11-11T10:38:19","modified_gmt":"2021-11-11T10:38:19","slug":"ueber-uns","status":"publish","type":"page","link":"https:\/\/www.black-sheriff.eu\/zsd\/ueber-uns\/","title":{"rendered":"\u00dcBER UNS"},"content":{"rendered":"<h3 align=\"justify\">Qualit\u00e4t ist die erste Voraussetzung f\u00fcr Sicherheit \u2013 das gilt insbesondere f\u00fcr die Anforderungen in der Wirtschaft. Das ZSD-Netzwerk setzt hier Ma\u00dfst\u00e4be f\u00fcr die professionelle Umsetzung, indem der ZSD die vollst\u00e4ndige Sicherungskette in die Qualifizierung einbezieht \u2013 denn eine Kette ist nur so stark, wie ihr schw\u00e4chstes Glied! Somit kann der Kunde ganz sicher sein! Unternehmen und Privatpersonen in ganz Deutschland vertrauen auf den ZSD. Der ZSD ist eines der renommiertesten Sicherheitsberatungen Deutschlands. Basierend auf jahrzehntelanger Erfahrung und einer au\u00dfergew\u00f6hnlichen Unternehmensphilosophie realisieren ZSDMitglieder bundesweit wirkungsvolle Sicherheitskonzepte. Ehre und Gerechtigkeit sind die Maximen Ihres Handelns \u2013 Ihr Eid f\u00fcr die Sicherheit der Kunden und deren Schutzobjekte mit aller Kraft einzustehen. Der gesch\u00fctzte Markenname Schwarze Sheriffs\u00ae ist international bekannt und gilt als Synonym f\u00fcr ihre erstklassige Berufsauffassung, konsequente Auftragsrealisierung und zuverl\u00e4ssige, vertrauensvolle Dienstaus\u00fcbung. Das gibt es nur beim ZSD.<\/h3>\n<h3 align=\"justify\">ZSD Mitglieder verf\u00fcgen \u00fcber eine professionelle Aus- und Weiterbildung und erf\u00fcllen damit alle Qualit\u00e4tsanforderungen. Dazu geh\u00f6rt nicht nur ein Gesundheits- und Fitness-Test, sondern auch das Training deeskalierender Verhaltensweisen in Extremsituation. Professionelles und qualitatives Arbeiten erfordert laufende und \u00fcberpr\u00fcfbare Fortbildung um \u201eup-to-date\u201c zu bleiben. Regelm\u00e4\u00dfige Wissensschulungen, Workshops und Informationen \u00fcber Innovationen und Gesetzes\u00e4nderungen sorgen f\u00fcr die erforderliche Aktualit\u00e4t des Kenntnistandes der ZSD-Partner. ZSD Mitglieder f\u00fcr den Fachbereich Technik sind spezialisiert auf die \u00dcberwachung, \u00dcberpr\u00fcfung und Optimierung von technischen Sicherheitssystemen (Alarmanlagen, Gefahrenmeldeanlagen, Brandschutz, Drohnen, etc.). Auch hier legen wir unser Augenmerk auf die vollst\u00e4ndige Sicherungskette mit Planung, Installation und Inbetriebnahme sowie Aufschaltung, \u00dcberwachung und Intervention.<\/h3>\n<h3><\/h3>\n<h3 align=\"justify\">Als eine Ausgr\u00fcndung des<strong> <a href=\"http:\/\/www.zsd.de\">ZSD<\/a><\/strong>\u00b4s und der <strong><a href=\"http:\/\/www.tree-top.eu\">Tree Top GmbH<\/a><\/strong> legt die Black Sheriff GmbH den gr\u00f6\u00dften Wert darauf, Partnerunternehmen zu optimalen Konditionen ein, den hohen Qualit\u00e4ts- und Designanspr\u00fcchen gerecht werdendes Uniformenkonzept bereitzustellen. Die Black Sheriff GmbH steht mit \u00dcberzeugung f\u00fcr ihre in zw\u00f6lf Monaten entwickelte und stetig verbesserte Konzeption ein und will dieses als neuen Standard in der Sicherheitsbranche ebenso wie in der Wahrnehmung von Beh\u00f6rden und der \u00d6ffentlichkeit etablieren.<\/h3>\n<h3 align=\"justify\"><img loading=\"lazy\" class=\"alignnone size-full wp-image-490\" src=\"https:\/\/www.black-sheriff.eu\/zsd\/wp-content\/uploads\/2021\/08\/DSC4755_abzeichen.jpg\" alt=\"\" width=\"1000\" height=\"550\" srcset=\"https:\/\/www.black-sheriff.eu\/zsd\/wp-content\/uploads\/2021\/08\/DSC4755_abzeichen.jpg 1000w, https:\/\/www.black-sheriff.eu\/zsd\/wp-content\/uploads\/2021\/08\/DSC4755_abzeichen-300x165.jpg 300w, https:\/\/www.black-sheriff.eu\/zsd\/wp-content\/uploads\/2021\/08\/DSC4755_abzeichen-600x330.jpg 600w\" sizes=\"(max-width: 1000px) 100vw, 1000px\" \/><\/h3>\n","protected":false},"excerpt":{"rendered":"<p>Qualit\u00e4t ist die erste Voraussetzung f\u00fcr Sicherheit \u2013 das gilt insbesondere f\u00fcr die Anforderungen in der Wirtschaft. Das ZSD-Netzwerk setzt hier Ma\u00dfst\u00e4be f\u00fcr die professionelle Umsetzung, indem der ZSD die vollst\u00e4ndige Sicherungskette in die Qualifizierung einbezieht \u2013 denn eine Kette ist nur so stark, wie ihr schw\u00e4chstes Glied! Somit kann der Kunde ganz sicher sein! <a href=\"https:\/\/www.black-sheriff.eu\/zsd\/ueber-uns\/\" class=\"more-link\">&#8230;<\/a><\/p>\n","protected":false},"author":1,"featured_media":0,"parent":0,"menu_order":0,"comment_status":"closed","ping_status":"closed","template":"","meta":{"inline_featured_image":false,"_monsterinsights_skip_tracking":false,"_monsterinsights_sitenote_active":false,"_monsterinsights_sitenote_note":"","_monsterinsights_sitenote_category":0},"aioseo_notices":[],"_links":{"self":[{"href":"https:\/\/www.black-sheriff.eu\/zsd\/wp-json\/wp\/v2\/pages\/276"}],"collection":[{"href":"https:\/\/www.black-sheriff.eu\/zsd\/wp-json\/wp\/v2\/pages"}],"about":[{"href":"https:\/\/www.black-sheriff.eu\/zsd\/wp-json\/wp\/v2\/types\/page"}],"author":[{"embeddable":true,"href":"https:\/\/www.black-sheriff.eu\/zsd\/wp-json\/wp\/v2\/users\/1"}],"replies":[{"embeddable":true,"href":"https:\/\/www.black-sheriff.eu\/zsd\/wp-json\/wp\/v2\/comments?post=276"}],"version-history":[{"count":12,"href":"https:\/\/www.black-sheriff.eu\/zsd\/wp-json\/wp\/v2\/pages\/276\/revisions"}],"predecessor-version":[{"id":852,"href":"https:\/\/www.black-sheriff.eu\/zsd\/wp-json\/wp\/v2\/pages\/276\/revisions\/852"}],"wp:attachment":[{"href":"https:\/\/www.black-sheriff.eu\/zsd\/wp-json\/wp\/v2\/media?parent=276"}],"curies":[{"name":"wp","href":"https:\/\/api.w.org\/{rel}","templated":true}]}}