
{"id":254,"date":"2021-06-23T13:56:56","date_gmt":"2021-06-23T13:56:56","guid":{"rendered":"https:\/\/www.black-sheriff.eu\/zsd\/?page_id=254"},"modified":"2021-11-12T17:06:01","modified_gmt":"2021-11-12T17:06:01","slug":"widerrufsformular","status":"publish","type":"page","link":"https:\/\/www.black-sheriff.eu\/zsd\/widerrufsformular\/","title":{"rendered":"WIDERRUFSFORMULAR"},"content":{"rendered":"<p>Wenn Sie den Vertrag widerrufen wollen, dann f\u00fcllen Sie bitte dieses Formular aus und senden es zur\u00fcck.<\/p>\n<p>An<br \/>\n<strong>Black Sheriff GmbH<\/strong><\/p>\n<p>Ehrenbreitsteiner Str. 20<br \/>\n80993 M\u00fcnchen<br \/>\nTelefon: 089-23147028<br \/>\nE-mail: <a href=\"mailto:service@black-sheriff.eu\">service@black-sheriff.eu<\/a><\/p>\n<p>&nbsp;<\/p>\n<p>Hiermit widerrufe(n) ich\/wir (*) den von mir\/uns (*) abgeschlossenen Vertrag \u00fcber den Kauf der folgenden Waren (*)\/die Erbringung der folgenden Dienstleistung (*)<\/p>\n<p>_______________________________________________________<\/p>\n<p>_______________________________________________________<\/p>\n<p>Bestellt am (*) ____________ \/ erhalten am (*) __________________<\/p>\n<p>________________________________________________________<br \/>\nName des\/der Verbraucher(s)<\/p>\n<p>________________________________________________________<br \/>\nAnschrift des\/der Verbraucher(s)<\/p>\n<p>________________________________________________________<br \/>\nUnterschrift des\/der Verbraucher(s) (nur bei Mitteilung auf Papier)<\/p>\n<p>_________________________<br \/>\nDatum<\/p>\n<p>(*) Unzutreffendes streichen<\/p>\n<p>&nbsp;<\/p>\n<div class=\"wrapper_frame_white\">Hier k\u00f6nnen Sie unser Widerrufsformular\u00a0<a href=\"\/zsd\/wp-content\/uploads\/2021\/11\/Widerrufsformular.pdf\" target=\"_blank\" rel=\"noopener\">zum Download<\/a> als PDF\u00a0finden<\/div>\n","protected":false},"excerpt":{"rendered":"<p>Wenn Sie den Vertrag widerrufen wollen, dann f\u00fcllen Sie bitte dieses Formular aus und senden es zur\u00fcck. An Black Sheriff GmbH Ehrenbreitsteiner Str. 20 80993 M\u00fcnchen Telefon: 089-23147028 E-mail: service@black-sheriff.eu &nbsp; Hiermit widerrufe(n) ich\/wir (*) den von mir\/uns (*) abgeschlossenen Vertrag \u00fcber den Kauf der folgenden Waren (*)\/die Erbringung der folgenden Dienstleistung (*) _______________________________________________________ _______________________________________________________ <a href=\"https:\/\/www.black-sheriff.eu\/zsd\/widerrufsformular\/\" class=\"more-link\">&#8230;<\/a><\/p>\n","protected":false},"author":1,"featured_media":0,"parent":0,"menu_order":0,"comment_status":"closed","ping_status":"closed","template":"","meta":{"inline_featured_image":false,"_monsterinsights_skip_tracking":false,"_monsterinsights_sitenote_active":false,"_monsterinsights_sitenote_note":"","_monsterinsights_sitenote_category":0},"aioseo_notices":[],"_links":{"self":[{"href":"https:\/\/www.black-sheriff.eu\/zsd\/wp-json\/wp\/v2\/pages\/254"}],"collection":[{"href":"https:\/\/www.black-sheriff.eu\/zsd\/wp-json\/wp\/v2\/pages"}],"about":[{"href":"https:\/\/www.black-sheriff.eu\/zsd\/wp-json\/wp\/v2\/types\/page"}],"author":[{"embeddable":true,"href":"https:\/\/www.black-sheriff.eu\/zsd\/wp-json\/wp\/v2\/users\/1"}],"replies":[{"embeddable":true,"href":"https:\/\/www.black-sheriff.eu\/zsd\/wp-json\/wp\/v2\/comments?post=254"}],"version-history":[{"count":11,"href":"https:\/\/www.black-sheriff.eu\/zsd\/wp-json\/wp\/v2\/pages\/254\/revisions"}],"predecessor-version":[{"id":873,"href":"https:\/\/www.black-sheriff.eu\/zsd\/wp-json\/wp\/v2\/pages\/254\/revisions\/873"}],"wp:attachment":[{"href":"https:\/\/www.black-sheriff.eu\/zsd\/wp-json\/wp\/v2\/media?parent=254"}],"curies":[{"name":"wp","href":"https:\/\/api.w.org\/{rel}","templated":true}]}}